{"id":18,"date":"2019-04-05T08:42:14","date_gmt":"2019-04-05T08:42:14","guid":{"rendered":"http:\/\/spielraum-froschlache.de\/?page_id=18"},"modified":"2024-02-13T15:38:51","modified_gmt":"2024-02-13T15:38:51","slug":"wir-ueber-uns","status":"publish","type":"page","link":"https:\/\/spielraum-froschlache.de\/?page_id=18","title":{"rendered":"Wir \u00fcber uns"},"content":{"rendered":"\n<p>Der Spielraum Froschlache ist eine Einrichtung der offenen Kinder- und Jugendarbeit des Bereichs Jugendf\u00f6rderung und Erziehungsberatung der Stadt Ludwigshafen am Rhein und der B\u00fcrgerinitiative Spielraum Froschlache e.V. f\u00fcr Besucher*innen zwischen sechs und vierzehn Jahren. Die Einrichtung hat drei Arbeitsschwerpunkte: Die Kleinkindgruppe am Vormittag, den offenen Bereich und &#8222;LuSt&#8220;* am Nachmittag<\/p>\n\n\n\n<p>Der Spielraum hat zu folgenden Zeiten ge\u00f6ffnet:                                                                           Montag: 13.30 &#8211; 18 Uhr<br>Dienstag: 13.30 -18 Uhr<br>Mittwoch: 14 &#8211; 18 Uhr<br>Donnerstag: 13.30 &#8211; 18 Uhr<br>Freitag: 13.30 &#8211; 18 Uhr                                                                          <br>Und f\u00fcr die Kleinkindgruppe Montag und Mittwoch von 10 &#8211; 12 Uhr.<\/p>\n\n\n\n<p>*Zum Bereich &#8222;LuSt&#8220; erf\u00e4hrst du mehr indem du in der oberen Navigationsleiste auf &#8222;Sozialp\u00e4dagogische Lernf\u00f6rderung und au\u00dferschulische Jugendbildung&#8220; klickst.<\/p>\n","protected":false},"excerpt":{"rendered":"<p>Der Spielraum Froschlache ist eine Einrichtung der offenen Kinder- und Jugendarbeit des Bereichs Jugendf\u00f6rderung und Erziehungsberatung der Stadt Ludwigshafen am Rhein und der B\u00fcrgerinitiative Spielraum Froschlache e.V. f\u00fcr Besucher*innen zwischen sechs und vierzehn Jahren. Die Einrichtung hat drei Arbeitsschwerpunkte: Die [&hellip;]<\/p>\n","protected":false},"author":1,"featured_media":0,"parent":0,"menu_order":0,"comment_status":"closed","ping_status":"closed","template":"","meta":{"footnotes":""},"class_list":["post-18","page","type-page","status-publish","hentry"],"_links":{"self":[{"href":"https:\/\/spielraum-froschlache.de\/index.php?rest_route=\/wp\/v2\/pages\/18","targetHints":{"allow":["GET"]}}],"collection":[{"href":"https:\/\/spielraum-froschlache.de\/index.php?rest_route=\/wp\/v2\/pages"}],"about":[{"href":"https:\/\/spielraum-froschlache.de\/index.php?rest_route=\/wp\/v2\/types\/page"}],"author":[{"embeddable":true,"href":"https:\/\/spielraum-froschlache.de\/index.php?rest_route=\/wp\/v2\/users\/1"}],"replies":[{"embeddable":true,"href":"https:\/\/spielraum-froschlache.de\/index.php?rest_route=%2Fwp%2Fv2%2Fcomments&post=18"}],"version-history":[{"count":9,"href":"https:\/\/spielraum-froschlache.de\/index.php?rest_route=\/wp\/v2\/pages\/18\/revisions"}],"predecessor-version":[{"id":278,"href":"https:\/\/spielraum-froschlache.de\/index.php?rest_route=\/wp\/v2\/pages\/18\/revisions\/278"}],"wp:attachment":[{"href":"https:\/\/spielraum-froschlache.de\/index.php?rest_route=%2Fwp%2Fv2%2Fmedia&parent=18"}],"curies":[{"name":"wp","href":"https:\/\/api.w.org\/{rel}","templated":true}]}}